e the remainder when 353 is divided by 6.
5
Calculate the remainder when 86 is divided by 30.
26
Calculate the remainder when 168 is divided by 17.
15
What is the remainder when 868 is divided by 143?
10
What is the remainder when 50 is divided by 35?
15
Calculate the remainder when 13983 is divided by 54.
51
What is the remainder when 836 is divided by 4?
0
What is the remainder when 876 is divided by 451?
425
What is the remainder when 13018 is divided by 140?
138
Calculate the remainder when 450 is divided by 25.
0
What is the remainder when 110 is divided by 39?
32
What is the remainder when 323 is divided by 84?
71
What is the remainder when 57 is divided by 2?
1
Calculate the remainder when 4234 is divided by 2.
0
Calculate the remainder when 152 is divided by 135.
17
Calculate the remainder when 1776 is divided by 46.
28
Calculate the remainder when 219 is divided by 13.
11
Calculate the remainder when 563 is divided by 4.
3
What is the remainder when 802 is divided by 23?
20
Calculate the remainder when 263 is divided by 78.
29
Calculate the remainder when 363 is divided by 73.
71
Calculate the remainder when 1965 is divided by 52.
41
Calculate the remainder when 923 is divided by 228.
11
What is the remainder when 1400 is divided by 26?
22
Calculate the remainder when 581 is divided by 151.
128
Calculate the remainder when 46816 is divided by 162.
160
Calculate the remainder when 879 is divided by 52.
47
What is the remainder when 210 is divided by 21?
0
What is the remainder when 1418 is divided by 364?
326
What is the remainder when 257 is divided by 207?
50
Calculate the remainder when 301 is divided by 117.
67
Calculate the remainder when 329 is divided by 33.
32
Calculate the remainder when 51 is divided by 9.
6
What is the remainder when 150 is divided by 42?
24
What is the remainder when 649 is divided by 65?
64
What is the remainder when 921 is divided by 23?
1
What is the remainder when 75 is divided by 26?
23
What is the remainder when 60 is divided by 33?
27
Calculate the remainder when 191 is divided by 42.
23
Calculate the remainder when 2999 is divided by 20.
19
Calculate the remainder when 333 is divided by 45.
18
Calculate the remainder when 718 is divided by 38.
34
What is the remainder when 2103 is divided by 697?
12
Calculate the remainder when 25 is divided by 7.
4
What is the remainder when 270 is divided by 119?
32
What is the remainder when 311 is divided by 26?
25
What is the remainder when 179 is divided by 15?
14
Calculate the remainder when 226 is divided by 12.
10
Calculate the remainder when 67 is divided by 24.
19
What is the remainder when 1276 is divided by 20?
16
Calculate the remainder when 862 is divided by 79.
72
What is the remainder when 169 is divided by 44?
37
Calculate the remainder when 1437 is divided by 40.
37
What is the remainder when 515 is divided by 308?
207
What is the remainder when 152 is divided by 29?
7
What is the remainder when 23531 is divided by 233?
231
What is the remainder when 3008 is divided by 5?
3
Calculate the remainder when 714 is divided by 9.
3
What is the remainder when 5124 is divided by 125?
124
Calculate the remainder when 2170 is divided by 32.
26
What is the remainder when 737 is divided by 6?
5
What is the remainder when 293 is divided by 116?
61
What is the remainder when 182 is divided by 46?
44
What is the remainder when 164 is divided by 15?
14
Calculate the remainder when 65 is divided by 11.
10
Calculate the remainder when 14697 is divided by 25.
22
What is the remainder when 1521 is divided by 490?
51
Calculate the remainder when 5882 is divided by 27.
23
What is the remainder when 668 is divided by 24?
20
Calculate the remainder when 29077 is divided by 67.
66
Calculate the remainder when 681 is divided by 107.
39
Calculate the remainder when 153 is divided by 24.
9
What is the remainder when 337 is divided by 5?
2
Calculate the remainder when 193 is divided by 18.
13
What is the remainder when 94 is divided by 32?
30
What is the remainder when 9470 is divided by 64?
62
Calculate the remainder when 250 is divided by 9.
7
Calculate the remainder when 187 is divided by 20.
7
What is the remainder when 2681 is divided by 11?
8
Calculate the remainder when 1144 is divided by 357.
73
Calculate the remainder when 783 is divided by 7.
6
Calculate the remainder when 25 is divided by 23.
2
What is the remainder when 134 is divided by 8?
6
What is the remainder when 107 is divided by 46?
15
Calculate the remainder when 276 is divided by 28.
24
What is the remainder when 101 is divided by 52?
49
Calculate the remainder when 223 is divided by 50.
23
What is the remainder when 713 is divided by 119?
118
Calculate the remainder when 2933 is divided by 291.
23
What is the remainder when 270 is divided by 68?
66
What is the remainder when 406 is divided by 59?
52
What is the remainder when 58 is divided by 31?
27
What is the remainder when 215 is divided by 10?
5
Calculate the remainder when 76 is divided by 48.
28
What is the remainder when 41 is divided by 26?
15
Calculate the remainder when 603 is divided by 11.
9
What is the remainder when 3508 is divided by 17?
6
Calculate the remainder when 52 is divided by 21.
10
Calculate the remainder when 132 is divided by 37.
21
What is the remainder when 39498 is divided by 125?
123
What is the remainder when 1553 is divided by 37?
36
Calculate the remainder when 419 is divided by 7.
6
Calculate the remainder when 28 is divided by 7.
0
Calculate the remainder when 1285 is divided by 43.
38
What is the remainder when 1346 is divided by 15?
11
What is the remainder when 368 is divided by 29?
20
Calculate the remainder when 1612 is divided by 101.
97
What is the remainder when 4478 is divided by 280?
278
What is the remainder when 197 is divided by 33?
32
What is the remainder when 444 is divided by 20?
4
What is the remainder when 491 is divided by 29?
27
Calculate the remainder when 669 is divided by 67.
66
What is the remainder when 290 is divided by 74?
68
Calculate the remainder when 33 is divided by 9.
6
Calculate the remainder when 3667 is divided by 108.
103
Calculate the remainder when 262 is divided by 32.
6
Calculate the remainder when 410 is divided by 27.
5
What is the remainder when 139 is divided by 49?
41
What is the remainder when 1165 is divided by 382?
19
What is the remainder when 110 is divided by 31?
17
Calculate the remainder when 154 is divided by 16.
10
Calculate the remainder when 50 is divided by 26.
24
Calculate the remainder when 270 is divided by 136.
134
What is the remainder when 2274 is divided by 33?
30
What is the remainder when 272 is divided by 11?
8
What is the remainder when 4346 is divided by 27?
26
Calculate the remainder when 16017 is divided by 49.
43
What is the remainder when 135 is divided by 20?
15
Calculate the remainder when 187 is divided by 31.
1
What is the remainder when 148 is divided by 54?
40
What is the remainder when 252 is divided by 101?
50
What is the remainder when 2590 is divided by 216?
214
What is the remainder when 69 is divided by 40?
29
What is the remainder when 564 is divided by 27?
24
Calculate the remainder when 470 is divided by 225.
20
What is the remainder when 395 is divided by 12?
11
What is the remainder when 32 is divided by 2?
0
Calculate the remainder when 57 is divided by 26.
5
What is the remainder when 6325 is divided by 57?
55
What is the remainder when 349 is divided by 14?
13
Calculate the remainder when 3693 is divided by 42.
39
Calculate the remainder when 1637 is divided by 227.
48
Calculate the remainder when 869 is divided by 13.
11
Calculate the remainder when 97 is divided by 54.
43
What is the remainder when 109 is divided by 39?
31
What is the remainder when 111 is divided by 40?
31
Calculate the remainder when 97 is divided by 36.
25
Calculate the remainder when 1430 is divided by 254.
160
What is the remainder when 13802 is divided by 11?
8
Calculate the remainder when 7101 is divided by 374.
369
What is the remainder when 119 is divided by 71?
48
Calculate the remainder when 79 is divided by 27.
25
What is the remainder when 244 is divided by 73?
25
Calculate the remainder when 1152 is divided by 55.
52
Calculate the remain